{"id":1137,"date":"2022-02-24T12:36:01","date_gmt":"2022-02-24T11:36:01","guid":{"rendered":"https:\/\/terriers.sk\/?page_id=1137"},"modified":"2022-05-25T11:11:04","modified_gmt":"2022-05-25T09:11:04","slug":"polovny-vykon","status":"publish","type":"page","link":"https:\/\/terriers.sk\/?page_id=1137","title":{"rendered":"Po\u013eovn\u00fd v\u00fdkon"},"content":{"rendered":"<!=========Events Timeline Template 2.6.2=========><div id=\"event-timeline-wrapper\" class=\"polovny-vykon style-2\"><div class=\"cool-event-timeline\"><div class=\"ect-timeline-year\">\n\t\t\t\t\t\t<div class=\"year-placeholder\"><!-- Month \/ Year Headers --><span class='month-year-box'>m\u00e1j 2026<\/span><\/div>\n\t\t\t\t\t\t<\/div><div id=\"post-942485\" class=\"ect-timeline-post even ect-simple-event style-2 future\"><div class=\"timeline-dots\"><\/div><div class=\"timeline-content even\"><div class=\"ect-timeline-header\"><a class=\"timeline-ev-img\" href=\"https:\/\/terriers.sk\/?tribe_events=ksblt-cact-cct-blatne\"><img src= \"https:\/\/terriers.sk\/wp-content\/uploads\/2026\/03\/Screenshot_20260318_195838_Drive-1-708x1024.jpg\"\/><\/a><div class=\"ect-date-area timeline-view-schedule\"><span class=\"ev-day\">16<\/span>\n\t\t\t\t\t<span class=\"ev-mo\">m\u00e1j<\/span>\n\t\t\t\t\t<span class=\"ev-yr\">2026<\/span><\/div><\/div><div class=\"ect-timeline-main-content\"><h2 class=\"content-title\"><a class=\"ect-event-url\" href=\"https:\/\/terriers.sk\/?tribe_events=ksblt-cact-cct-blatne\" rel=\"bookmark\">KSBLT &#8211; CACT, CCT Blatn\u00e9<\/a><\/h2><!-- Event Content --><div class=\"ect-event-content\"><\/div><div class=\"timeline-view-venue\"><span class=\"ect-icon\"><i class=\"ect-icon-location\"><\/i><\/span><!-- Event Venue Info -->\n\t\t\t\t\t\t\t<span class=\"ect-venue-details ect-address\">\n\t\t\t\t\t\t\t<div>Blatn\u00e9,<span class=\"tribe-address\">\n\n\n\n\n\n\t<span class=\"tribe-country-name\">Slovakia (Slovak Republic)<\/span>\n\n<\/span>\n<\/div><span class=\"ect-google\"><a class=\"tribe-events-gmap\" href=\"https:\/\/maps.google.com\/maps?f=q&#038;source=s_q&#038;hl=en&#038;geocode=&#038;q=Slovakia+%28Slovak+Republic%29\" title=\"Klikni na zobrazenie Google Map\" target=\"_blank\" rel=\"noreferrer noopener\">+ Google Map<\/a><\/span><\/span><\/div><\/div><div class=\"ect-timeline-footer\">      <div class=\"ect-lslist-event-detail\">\n        <a href=\"https:\/\/terriers.sk\/?tribe_events=ksblt-cact-cct-blatne\" title=\"KSBLT &#8211; CACT, CCT Blatn\u00e9\" rel=\"bookmark\">Find out more<\/a>\n        <\/div><\/div><\/div><\/div><div class=\"ect-timeline-year\">\n\t\t\t\t\t\t<div class=\"year-placeholder\"><!-- Month \/ Year Headers --><span class='month-year-box'>j\u00fan 2026<\/span><\/div>\n\t\t\t\t\t\t<\/div><div id=\"post-942488\" class=\"ect-timeline-post even ect-simple-event style-2 future\"><div class=\"timeline-dots\"><\/div><div class=\"timeline-content even\"><div class=\"ect-timeline-header\"><a class=\"timeline-ev-img\" href=\"https:\/\/terriers.sk\/?tribe_events=msblt-cacit-cact-cct-kv-tura-luka\"><img src= \"https:\/\/terriers.sk\/wp-content\/plugins\/template-events-calendar\/assets\/images\/event-template-bg.png\"\/><\/a><div class=\"ect-date-area timeline-view-schedule\"><span class=\"ev-day\">19<\/span>\n\t\t\t\t\t<span class=\"ev-mo\">j\u00fan<\/span>\n\t\t\t\t\t<span class=\"ev-yr\">2026<\/span><\/div><\/div><div class=\"ect-timeline-main-content\"><h2 class=\"content-title\"><a class=\"ect-event-url\" href=\"https:\/\/terriers.sk\/?tribe_events=msblt-cacit-cact-cct-kv-tura-luka\" rel=\"bookmark\">MSBLT Memori\u00e1l F. Semana &#8211; CACIT, CACT, CCT, V\u00ed\u0165az memori\u00e1lu Podolie<\/a><\/h2><!-- Event Content --><div class=\"ect-event-content\"><\/div><div class=\"timeline-view-venue\"><span class=\"ect-icon\"><i class=\"ect-icon-location\"><\/i><\/span><!-- Event Venue Info -->\n\t\t\t\t\t\t\t<span class=\"ect-venue-details ect-address\">\n\t\t\t\t\t\t\t<div>Podolie,<span class=\"tribe-address\">\n\n<span class=\"tribe-street-address\">Pa\u017eitn\u00fd Mlyn<\/span>\n\t\n\n\n\t<span class=\"tribe-postal-code\">91622<\/span>\n\n\t<span class=\"tribe-country-name\">Slovensk\u00e1 republika<\/span>\n\n<\/span>\n<\/div><span class=\"ect-google\"><a class=\"tribe-events-gmap\" href=\"https:\/\/maps.google.com\/maps?f=q&#038;source=s_q&#038;hl=en&#038;geocode=&#038;q=Pa%C5%BEitn%C3%BD+Mlyn+91622+Slovensk%C3%A1+republika\" title=\"Klikni na zobrazenie Google Map\" target=\"_blank\" rel=\"noreferrer noopener\">+ Google Map<\/a><\/span><\/span><\/div><\/div><div class=\"ect-timeline-footer\">      <div class=\"ect-lslist-event-detail\">\n        <a href=\"https:\/\/terriers.sk\/?tribe_events=msblt-cacit-cact-cct-kv-tura-luka\" title=\"MSBLT Memori\u00e1l F. Semana &#8211; CACIT, CACT, CCT, V\u00ed\u0165az memori\u00e1lu Podolie\" rel=\"bookmark\">Find out more<\/a>\n        <\/div><\/div><\/div><\/div><div class=\"ect-timeline-year\">\n\t\t\t\t\t\t<div class=\"year-placeholder\"><!-- Month \/ Year Headers --><span class='month-year-box'>aug 2026<\/span><\/div>\n\t\t\t\t\t\t<\/div><div id=\"post-942490\" class=\"ect-timeline-post even ect-simple-event style-2 future\"><div class=\"timeline-dots\"><\/div><div class=\"timeline-content even\"><div class=\"ect-timeline-header\"><a class=\"timeline-ev-img\" href=\"https:\/\/terriers.sk\/?tribe_events=kfsmp-cact-cct-kv-dvorniky\"><img src= \"https:\/\/terriers.sk\/wp-content\/plugins\/template-events-calendar\/assets\/images\/event-template-bg.png\"\/><\/a><div class=\"ect-date-area timeline-view-schedule\"><span class=\"ev-day\">08<\/span>\n\t\t\t\t\t<span class=\"ev-mo\">august<\/span>\n\t\t\t\t\t<span class=\"ev-yr\">2026<\/span><\/div><\/div><div class=\"ect-timeline-main-content\"><h2 class=\"content-title\"><a class=\"ect-event-url\" href=\"https:\/\/terriers.sk\/?tribe_events=kfsmp-cact-cct-kv-dvorniky\" rel=\"bookmark\">KFSMP &#8211; CACT, CCT, KV Dvorn\u00edky<\/a><\/h2><!-- Event Content --><div class=\"ect-event-content\"><\/div><div class=\"timeline-view-venue\"><span class=\"ect-icon\"><i class=\"ect-icon-location\"><\/i><\/span><!-- Event Venue Info -->\n\t\t\t\t\t\t\t<span class=\"ect-venue-details ect-address\">\n\t\t\t\t\t\t\t<div>Dvorn\u00edky,<span class=\"tribe-address\">\n\n\n\n\n\n\t<span class=\"tribe-country-name\">Slovensk\u00e1 republika<\/span>\n\n<\/span>\n<\/div><span class=\"ect-google\"><a class=\"tribe-events-gmap\" href=\"https:\/\/maps.google.com\/maps?f=q&#038;source=s_q&#038;hl=en&#038;geocode=&#038;q=Slovensk%C3%A1+republika\" title=\"Klikni na zobrazenie Google Map\" target=\"_blank\" rel=\"noreferrer noopener\">+ Google Map<\/a><\/span><\/span><\/div><\/div><div class=\"ect-timeline-footer\">      <div class=\"ect-lslist-event-detail\">\n        <a href=\"https:\/\/terriers.sk\/?tribe_events=kfsmp-cact-cct-kv-dvorniky\" title=\"KFSMP &#8211; CACT, CCT, KV Dvorn\u00edky\" rel=\"bookmark\">Find out more<\/a>\n        <\/div><\/div><\/div><\/div><div id=\"post-942492\" class=\"ect-timeline-post even ect-simple-event style-2 future\"><div class=\"timeline-dots\"><\/div><div class=\"timeline-content even\"><div class=\"ect-timeline-header\"><a class=\"timeline-ev-img\" href=\"https:\/\/terriers.sk\/?tribe_events=vikend-terierov-malzenice-stopy-poslusnost-brloh\"><img src= \"https:\/\/terriers.sk\/wp-content\/plugins\/template-events-calendar\/assets\/images\/event-template-bg.png\"\/><\/a><div class=\"ect-date-area timeline-view-schedule\"><span class=\"ev-day\">22<\/span>\n\t\t\t\t\t<span class=\"ev-mo\">august<\/span>\n\t\t\t\t\t<span class=\"ev-yr\">2026<\/span><\/div><\/div><div class=\"ect-timeline-main-content\"><h2 class=\"content-title\"><a class=\"ect-event-url\" href=\"https:\/\/terriers.sk\/?tribe_events=vikend-terierov-malzenice-stopy-poslusnost-brloh\" rel=\"bookmark\">V\u00edkend teri\u00e9rov Mal\u017eenice (stopy, poslu\u0161nos\u0165, brloh)<\/a><\/h2><!-- Event Content --><div class=\"ect-event-content\"><\/div><div class=\"timeline-view-venue\"><span class=\"ect-icon\"><i class=\"ect-icon-location\"><\/i><\/span><!-- Event Venue Info -->\n\t\t\t\t\t\t\t<span class=\"ect-venue-details ect-address\">\n\t\t\t\t\t\t\t<div>Mal\u017eenice,<span class=\"tribe-address\">\n\n\n\n\n\n\n<\/span>\n<\/div><\/span><\/div><\/div><div class=\"ect-timeline-footer\">      <div class=\"ect-lslist-event-detail\">\n        <a href=\"https:\/\/terriers.sk\/?tribe_events=vikend-terierov-malzenice-stopy-poslusnost-brloh\" title=\"V\u00edkend teri\u00e9rov Mal\u017eenice (stopy, poslu\u0161nos\u0165, brloh)\" rel=\"bookmark\">Find out more<\/a>\n        <\/div><\/div><\/div><\/div><div class=\"ect-timeline-year\">\n\t\t\t\t\t\t<div class=\"year-placeholder\"><!-- Month \/ Year Headers --><span class='month-year-box'>sep 2026<\/span><\/div>\n\t\t\t\t\t\t<\/div><div id=\"post-942495\" class=\"ect-timeline-post even ect-simple-event style-2 future\"><div class=\"timeline-dots\"><\/div><div class=\"timeline-content even\"><div class=\"ect-timeline-header\"><a class=\"timeline-ev-img\" href=\"https:\/\/terriers.sk\/?tribe_events=ksblt-memorial-s-oujezdskeho-cact-cct-vitaz-memorialu-trakovice\"><img src= \"https:\/\/terriers.sk\/wp-content\/plugins\/template-events-calendar\/assets\/images\/event-template-bg.png\"\/><\/a><div class=\"ect-date-area timeline-view-schedule\"><span class=\"ev-day\">12<\/span>\n\t\t\t\t\t<span class=\"ev-mo\">september<\/span>\n\t\t\t\t\t<span class=\"ev-yr\">2026<\/span><\/div><\/div><div class=\"ect-timeline-main-content\"><h2 class=\"content-title\"><a class=\"ect-event-url\" href=\"https:\/\/terriers.sk\/?tribe_events=ksblt-memorial-s-oujezdskeho-cact-cct-vitaz-memorialu-trakovice\" rel=\"bookmark\">KSBLT Memori\u00e1l S. Oujezdsk\u00e9ho &#8211; CACT, CCT, V\u00ed\u0165az memori\u00e1lu, Trakovice<\/a><\/h2><!-- Event Content --><div class=\"ect-event-content\"><\/div><div class=\"timeline-view-venue\"><span class=\"ect-icon\"><i class=\"ect-icon-location\"><\/i><\/span><!-- Event Venue Info -->\n\t\t\t\t\t\t\t<span class=\"ect-venue-details ect-address\">\n\t\t\t\t\t\t\t<div>Trakovice,<span class=\"tribe-address\">\n\n<span class=\"tribe-street-address\">48.441994, 17.703849<\/span>\n\t\n\n\n\n\n<\/span>\n<\/div><span class=\"ect-google\"><a class=\"tribe-events-gmap\" href=\"https:\/\/maps.google.com\/maps?f=q&#038;source=s_q&#038;hl=en&#038;geocode=&#038;q=48.441994%2C+17.703849\" title=\"Klikni na zobrazenie Google Map\" target=\"_blank\" rel=\"noreferrer noopener\">+ Google Map<\/a><\/span><\/span><\/div><\/div><div class=\"ect-timeline-footer\">      <div class=\"ect-lslist-event-detail\">\n        <a href=\"https:\/\/terriers.sk\/?tribe_events=ksblt-memorial-s-oujezdskeho-cact-cct-vitaz-memorialu-trakovice\" title=\"KSBLT Memori\u00e1l S. Oujezdsk\u00e9ho &#8211; CACT, CCT, V\u00ed\u0165az memori\u00e1lu, Trakovice\" rel=\"bookmark\">Find out more<\/a>\n        <\/div><\/div><\/div><\/div><div class=\"ect-timeline-year\">\n\t\t\t\t\t\t<div class=\"year-placeholder\"><!-- Month \/ Year Headers --><span class='month-year-box'>okt 2026<\/span><\/div>\n\t\t\t\t\t\t<\/div><div id=\"post-942497\" class=\"ect-timeline-post even ect-simple-event style-2 future\"><div class=\"timeline-dots\"><\/div><div class=\"timeline-content even\"><div class=\"ect-timeline-header\"><a class=\"timeline-ev-img\" href=\"https:\/\/terriers.sk\/?tribe_events=skuska-odvahy\"><img src= \"https:\/\/terriers.sk\/wp-content\/plugins\/template-events-calendar\/assets\/images\/event-template-bg.png\"\/><\/a><div class=\"ect-date-area timeline-view-schedule\"><span class=\"ev-day\">03<\/span>\n\t\t\t\t\t<span class=\"ev-mo\">okt\u00f3ber<\/span>\n\t\t\t\t\t<span class=\"ev-yr\">2026<\/span><\/div><\/div><div class=\"ect-timeline-main-content\"><h2 class=\"content-title\"><a class=\"ect-event-url\" href=\"https:\/\/terriers.sk\/?tribe_events=skuska-odvahy\" rel=\"bookmark\">Sk\u00fa\u0161ka odvahy<\/a><\/h2><!-- Event Content --><div class=\"ect-event-content\"><\/div><div class=\"timeline-view-venue\"><span class=\"ect-icon\"><i class=\"ect-icon-location\"><\/i><\/span><!-- Event Venue Info -->\n\t\t\t\t\t\t\t<span class=\"ect-venue-details ect-address\">\n\t\t\t\t\t\t\t<div>Smolenice,<span class=\"tribe-address\">\n\n\n\n\n\n\t<span class=\"tribe-country-name\">Slovakia (Slovak Republic)<\/span>\n\n<\/span>\n<\/div><span class=\"ect-google\"><a class=\"tribe-events-gmap\" href=\"https:\/\/maps.google.com\/maps?f=q&#038;source=s_q&#038;hl=en&#038;geocode=&#038;q=Slovakia+%28Slovak+Republic%29\" title=\"Klikni na zobrazenie Google Map\" target=\"_blank\" rel=\"noreferrer noopener\">+ Google Map<\/a><\/span><\/span><\/div><\/div><div class=\"ect-timeline-footer\">      <div class=\"ect-lslist-event-detail\">\n        <a href=\"https:\/\/terriers.sk\/?tribe_events=skuska-odvahy\" title=\"Sk\u00fa\u0161ka odvahy\" rel=\"bookmark\">Find out more<\/a>\n        <\/div><\/div><\/div><\/div><div id=\"post-942500\" class=\"ect-timeline-post even ect-simple-event style-2 future\"><div class=\"timeline-dots\"><\/div><div class=\"timeline-content even\"><div class=\"ect-timeline-header\"><a class=\"timeline-ev-img\" href=\"https:\/\/terriers.sk\/?tribe_events=kfd-memorial-s-bucka-cact-cct-kv-vitaz-memorialu-dvorniky\"><img src= \"https:\/\/terriers.sk\/wp-content\/plugins\/template-events-calendar\/assets\/images\/event-template-bg.png\"\/><\/a><div class=\"ect-date-area timeline-view-schedule\"><span class=\"ev-day\">17<\/span>\n\t\t\t\t\t<span class=\"ev-mo\">okt\u00f3ber<\/span>\n\t\t\t\t\t<span class=\"ev-yr\">2026<\/span><\/div><\/div><div class=\"ect-timeline-main-content\"><h2 class=\"content-title\"><a class=\"ect-event-url\" href=\"https:\/\/terriers.sk\/?tribe_events=kfd-memorial-s-bucka-cact-cct-kv-vitaz-memorialu-dvorniky\" rel=\"bookmark\">KFD Memori\u00e1l S. Bu\u010dka &#8211; CACT, CCT, KV, V\u00ed\u0165az memori\u00e1lu, Dvorn\u00edky<\/a><\/h2><!-- Event Content --><div class=\"ect-event-content\"><\/div><div class=\"timeline-view-venue\"><span class=\"ect-icon\"><i class=\"ect-icon-location\"><\/i><\/span><!-- Event Venue Info -->\n\t\t\t\t\t\t\t<span class=\"ect-venue-details ect-address\">\n\t\t\t\t\t\t\t<div>Dvorn\u00edky,<span class=\"tribe-address\">\n\n\n\n\n\n\t<span class=\"tribe-country-name\">Slovensk\u00e1 republika<\/span>\n\n<\/span>\n<\/div><span class=\"ect-google\"><a class=\"tribe-events-gmap\" href=\"https:\/\/maps.google.com\/maps?f=q&#038;source=s_q&#038;hl=en&#038;geocode=&#038;q=Slovensk%C3%A1+republika\" title=\"Klikni na zobrazenie Google Map\" target=\"_blank\" rel=\"noreferrer noopener\">+ Google Map<\/a><\/span><\/span><\/div><\/div><div class=\"ect-timeline-footer\">      <div class=\"ect-lslist-event-detail\">\n        <a href=\"https:\/\/terriers.sk\/?tribe_events=kfd-memorial-s-bucka-cact-cct-kv-vitaz-memorialu-dvorniky\" title=\"KFD Memori\u00e1l S. Bu\u010dka &#8211; CACT, CCT, KV, V\u00ed\u0165az memori\u00e1lu, Dvorn\u00edky\" rel=\"bookmark\">Find out more<\/a>\n        <\/div><\/div><\/div><\/div><div class=\"ect-timeline-year\">\n\t\t\t\t\t\t<div class=\"year-placeholder\"><!-- Month \/ Year Headers --><span class='month-year-box'>nov 2026<\/span><\/div>\n\t\t\t\t\t\t<\/div><div id=\"post-942503\" class=\"ect-timeline-post even ect-simple-event style-2 future\"><div class=\"timeline-dots\"><\/div><div class=\"timeline-content even\"><div class=\"ect-timeline-header\"><a class=\"timeline-ev-img\" href=\"https:\/\/terriers.sk\/?tribe_events=ksd-miesto-a-termin-budu-urcene-pocas-roka\"><img src= \"https:\/\/terriers.sk\/wp-content\/plugins\/template-events-calendar\/assets\/images\/event-template-bg.png\"\/><\/a><div class=\"ect-date-area timeline-view-schedule\"><span class=\"ev-day\">01<\/span>\n\t\t\t\t\t<span class=\"ev-mo\">november<\/span>\n\t\t\t\t\t<span class=\"ev-yr\">2026<\/span><\/div><\/div><div class=\"ect-timeline-main-content\"><h2 class=\"content-title\"><a class=\"ect-event-url\" href=\"https:\/\/terriers.sk\/?tribe_events=ksd-miesto-a-termin-budu-urcene-pocas-roka\" rel=\"bookmark\">KSD (miesto a term\u00edn bud\u00fa ur\u010den\u00e9 po\u010das roka)<\/a><\/h2><!-- Event Content --><div class=\"ect-event-content\"><\/div><\/div><div class=\"ect-timeline-footer\">      <div class=\"ect-lslist-event-detail\">\n        <a href=\"https:\/\/terriers.sk\/?tribe_events=ksd-miesto-a-termin-budu-urcene-pocas-roka\" title=\"KSD (miesto a term\u00edn bud\u00fa ur\u010den\u00e9 po\u010das roka)\" rel=\"bookmark\">Find out more<\/a>\n        <\/div><\/div><\/div><\/div><\/div><\/div>\n","protected":false},"excerpt":{"rendered":"","protected":false},"author":4,"featured_media":0,"parent":1133,"menu_order":0,"comment_status":"closed","ping_status":"closed","template":"","meta":{"ngg_post_thumbnail":0,"ocean_post_layout":"","ocean_both_sidebars_style":"","ocean_both_sidebars_content_width":0,"ocean_both_sidebars_sidebars_width":0,"ocean_sidebar":"0","ocean_second_sidebar":"0","ocean_disable_margins":"enable","ocean_add_body_class":"","ocean_shortcode_before_top_bar":"","ocean_shortcode_after_top_bar":"","ocean_shortcode_before_header":"","ocean_shortcode_after_header":"","ocean_has_shortcode":"","ocean_shortcode_after_title":"","ocean_shortcode_before_footer_widgets":"","ocean_shortcode_after_footer_widgets":"","ocean_shortcode_before_footer_bottom":"","ocean_shortcode_after_footer_bottom":"","ocean_display_top_bar":"default","ocean_display_header":"default","ocean_header_style":"","ocean_center_header_left_menu":"0","ocean_custom_header_template":"0","ocean_custom_logo":0,"ocean_custom_retina_logo":0,"ocean_custom_logo_max_width":0,"ocean_custom_logo_tablet_max_width":0,"ocean_custom_logo_mobile_max_width":0,"ocean_custom_logo_max_height":0,"ocean_custom_logo_tablet_max_height":0,"ocean_custom_logo_mobile_max_height":0,"ocean_header_custom_menu":"0","ocean_menu_typo_font_family":"0","ocean_menu_typo_font_subset":"","ocean_menu_typo_font_size":0,"ocean_menu_typo_font_size_tablet":0,"ocean_menu_typo_font_size_mobile":0,"ocean_menu_typo_font_size_unit":"px","ocean_menu_typo_font_weight":"","ocean_menu_typo_font_weight_tablet":"","ocean_menu_typo_font_weight_mobile":"","ocean_menu_typo_transform":"","ocean_menu_typo_transform_tablet":"","ocean_menu_typo_transform_mobile":"","ocean_menu_typo_line_height":0,"ocean_menu_typo_line_height_tablet":0,"ocean_menu_typo_line_height_mobile":0,"ocean_menu_typo_line_height_unit":"","ocean_menu_typo_spacing":0,"ocean_menu_typo_spacing_tablet":0,"ocean_menu_typo_spacing_mobile":0,"ocean_menu_typo_spacing_unit":"","ocean_menu_link_color":"","ocean_menu_link_color_hover":"","ocean_menu_link_color_active":"","ocean_menu_link_background":"","ocean_menu_link_hover_background":"","ocean_menu_link_active_background":"","ocean_menu_social_links_bg":"","ocean_menu_social_hover_links_bg":"","ocean_menu_social_links_color":"","ocean_menu_social_hover_links_color":"","ocean_disable_title":"default","ocean_disable_heading":"default","ocean_post_title":"","ocean_post_subheading":"","ocean_post_title_style":"","ocean_post_title_background_color":"","ocean_post_title_background":0,"ocean_post_title_bg_image_position":"","ocean_post_title_bg_image_attachment":"","ocean_post_title_bg_image_repeat":"","ocean_post_title_bg_image_size":"","ocean_post_title_height":0,"ocean_post_title_bg_overlay":0.5,"ocean_post_title_bg_overlay_color":"","ocean_disable_breadcrumbs":"default","ocean_breadcrumbs_color":"","ocean_breadcrumbs_separator_color":"","ocean_breadcrumbs_links_color":"","ocean_breadcrumbs_links_hover_color":"","ocean_display_footer_widgets":"default","ocean_display_footer_bottom":"default","ocean_custom_footer_template":"0","footnotes":""},"class_list":["post-1137","page","type-page","status-publish","hentry","cat_polovny-vykon","entry"],"_links":{"self":[{"href":"https:\/\/terriers.sk\/index.php?rest_route=\/wp\/v2\/pages\/1137","targetHints":{"allow":["GET"]}}],"collection":[{"href":"https:\/\/terriers.sk\/index.php?rest_route=\/wp\/v2\/pages"}],"about":[{"href":"https:\/\/terriers.sk\/index.php?rest_route=\/wp\/v2\/types\/page"}],"author":[{"embeddable":true,"href":"https:\/\/terriers.sk\/index.php?rest_route=\/wp\/v2\/users\/4"}],"replies":[{"embeddable":true,"href":"https:\/\/terriers.sk\/index.php?rest_route=%2Fwp%2Fv2%2Fcomments&post=1137"}],"version-history":[{"count":2,"href":"https:\/\/terriers.sk\/index.php?rest_route=\/wp\/v2\/pages\/1137\/revisions"}],"predecessor-version":[{"id":2715,"href":"https:\/\/terriers.sk\/index.php?rest_route=\/wp\/v2\/pages\/1137\/revisions\/2715"}],"up":[{"embeddable":true,"href":"https:\/\/terriers.sk\/index.php?rest_route=\/wp\/v2\/pages\/1133"}],"wp:attachment":[{"href":"https:\/\/terriers.sk\/index.php?rest_route=%2Fwp%2Fv2%2Fmedia&parent=1137"}],"curies":[{"name":"wp","href":"https:\/\/api.w.org\/{rel}","templated":true}]}}