{"id":1455,"date":"2022-02-28T19:31:41","date_gmt":"2022-02-28T18:31:41","guid":{"rendered":"https:\/\/terriers.sk\/?page_id=1455"},"modified":"2022-05-25T11:11:06","modified_gmt":"2022-05-25T09:11:06","slug":"poplatky-spz","status":"publish","type":"page","link":"https:\/\/terriers.sk\/?page_id=1455","title":{"rendered":"Poplatky SPZ"},"content":{"rendered":"<p class=\"western\" align=\"center\"><span style=\"font-family: Formata, Arial, sans-serif;\"><span style=\"font-family: Calibri, sans-serif;\"><span style=\"font-size: large;\"><b>Zmena poplatkov za slu\u017eby poskytovan\u00e9 plemennou knihou SPZ od 1.1.2022<\/b><\/span><\/span><\/span><\/p>\n<p class=\"western\" align=\"justify\"><span style=\"font-family: Formata, Arial, sans-serif;\"><span style=\"font-family: Calibri, sans-serif;\">Prez\u00eddium Slovensk\u00e9ho po\u013eovn\u00edckeho zv\u00e4zu na zasadnut\u00ed d\u0148a 26.11.2021 schv\u00e1lilo na z\u00e1klade n\u00e1vrhu Pl\u00e9na Kynologickej rady SPZ zo d\u0148a 24.7.2021 \u00fapravu niektor\u00fdch poplatkov za slu\u017eby poskytovan\u00e9 <\/span><span style=\"font-family: Calibri, sans-serif;\">chovate\u013eom psov plemennou knihou SPZ s platnos\u0165ou od 1.1.2022. <\/span><\/span><\/p>\n<p class=\"western\"><span style=\"font-family: Formata, Arial, sans-serif;\"><span style=\"font-family: Calibri, sans-serif;\">Cenn\u00edk slu\u017eieb plemennej knihy :<\/span><\/span><\/p>\n<ol type=\"a\">\n<li>\n<p class=\"western\"><span style=\"font-family: Formata, Arial, sans-serif;\"><span style=\"font-family: Calibri, sans-serif;\">\u010dlensk\u00fd pr\u00edspevok kolekt\u00edvnych \u010dlenov SPZ (\u010dlenov klubov SPZ) na rok v&nbsp;sume 2 <\/span><span style=\"font-family: Calibri, sans-serif;\">\u20ac<\/span><span style=\"font-family: Calibri, sans-serif;\"> za \u010dlena klubu (ne\u010dlena SPZ)<\/span><\/span><\/p>\n<\/li>\n<\/ol>\n<ol start=\"2\" type=\"a\">\n<li>\n<p class=\"western\"><span style=\"font-family: Formata, Arial, sans-serif;\"><span style=\"font-family: Calibri, sans-serif;\">poplatky za slu\u017eby poskytovan\u00e9 chovate\u013eom psov plemennou knihou SPZ od 1.1.2022 :<\/span><\/span><\/p>\n<\/li>\n<\/ol>\n<ul>\n<li>\n<p class=\"western\"><span style=\"font-family: Formata, Arial, sans-serif;\"><span style=\"font-family: Calibri, sans-serif;\">vydanie preukazu o&nbsp;p\u00f4vode psa 15,- \u20ac<\/span><\/span><\/p>\n<\/li>\n<li>\n<p class=\"western\"><span style=\"font-family: Formata, Arial, sans-serif;\"><span style=\"font-family: Calibri, sans-serif;\">vydanie preukazu o&nbsp;p\u00f4vode psa (n\u00e1rodn\u00e9 plemen\u00e1) 5,- \u20ac<\/span><\/span><\/p>\n<\/li>\n<li>\n<p class=\"western\"><span style=\"font-family: Formata, Arial, sans-serif;\"><span style=\"font-family: Calibri, sans-serif;\">z\u00e1pis importovan\u00e9ho jedinca 20,- \u20ac<\/span><\/span><\/p>\n<\/li>\n<li>\n<p class=\"western\"><span style=\"font-family: Formata, Arial, sans-serif;\"><span style=\"font-family: Calibri, sans-serif;\">s\u00fahlas na v\u00fdvoz psa (exportn\u00fd preukaz o&nbsp;p\u00f4vode<br \/>\nna \u017eiados\u0165 chovate\u013ea) 20,- \u20ac<\/span><\/span><\/p>\n<\/li>\n<li>\n<p class=\"western\"><span style=\"font-family: Calibri, sans-serif;\">s\u00fahlas na v\u00fdvoz psa (exportn\u00fd preukaz o&nbsp;p\u00f4vode<br \/>\nna \u017eiados\u0165 majite\u013ea) 40,- \u20ac<\/span><\/p>\n<\/li>\n<li>\n<p class=\"western\"><span style=\"font-family: Formata, Arial, sans-serif;\"><span style=\"font-family: Calibri, sans-serif;\">s\u00fahlas na v\u00fdvoz psa (exportn\u00fd preukaz o&nbsp;p\u00f4vode<br \/>\nna \u017eiados\u0165 zahrani\u010dn\u00e9ho \u017eiadate\u013ea) 50,- \u20ac<\/span><\/span><\/p>\n<\/li>\n<li>\n<p class=\"western\"><span style=\"font-family: Formata, Arial, sans-serif;\"><span style=\"font-family: Calibri, sans-serif;\">oprava PP za chybu chovate\u013ea 12,- \u20ac<\/span><\/span><\/p>\n<\/li>\n<li>\n<p class=\"western\"><span style=\"font-family: Formata, Arial, sans-serif;\"><span style=\"font-family: Calibri, sans-serif;\">vydanie duplik\u00e1tu preukazu o&nbsp;p\u00f4vode psa 15,- \u20ac<\/span><\/span><\/p>\n<\/li>\n<li>\n<p class=\"western\"><span style=\"font-family: Formata, Arial, sans-serif;\"><span style=\"font-family: Calibri, sans-serif;\">opis preukazu o&nbsp;p\u00f4vode psa 15,- \u20ac<\/span><\/span><\/p>\n<\/li>\n<li>\n<p class=\"western\"><span style=\"font-family: Formata, Arial, sans-serif;\"><span style=\"font-family: Calibri, sans-serif;\">potvrdenie chovnej sp\u00f4sobilosti 5,- \u20ac<\/span><\/span><\/p>\n<\/li>\n<li>\n<p class=\"western\"><span style=\"font-family: Formata, Arial, sans-serif;\"><span style=\"font-family: Calibri, sans-serif;\">chr\u00e1nenie registrovan\u00e9ho n\u00e1zvu chovu 40,- \u20ac<\/span><\/span><\/p>\n<\/li>\n<li>\n<p class=\"western\"><span style=\"font-family: Formata, Arial, sans-serif;\"><span style=\"font-family: Calibri, sans-serif;\">z\u00e1pis do knihy brloh\u00e1rov, divia\u010diarov, v\u0161estrann\u00fdch psov 10,- \u20ac<\/span><\/span><\/p>\n<\/li>\n<li>\n<p class=\"western\"><span style=\"font-family: Formata, Arial, sans-serif;\"><span style=\"font-family: Calibri, sans-serif;\">pr\u00edloha k&nbsp;preukazu o&nbsp;p\u00f4vode psa 3,- \u20ac<\/span><\/span><\/p>\n<\/li>\n<li>\n<p class=\"western\"><span style=\"font-family: Formata, Arial, sans-serif;\"><span style=\"font-family: Calibri, sans-serif;\">vystavenie pracovn\u00e9ho certifik\u00e1tu 5,- \u20ac<\/span><\/span><\/p>\n<\/li>\n<li>\n<p class=\"western\"><span style=\"font-family: Calibri, sans-serif;\">po\u0161tovn\u00e9 a&nbsp;baln\u00e9 pod\u013ea poplatkov po\u0161ty<\/span><\/p>\n<\/li>\n<\/ul>\n","protected":false},"excerpt":{"rendered":"<p>Zmena poplatkov za slu\u017eby poskytovan\u00e9 plemennou knihou SPZ od 1.1.2022 Prez\u00eddium Slovensk\u00e9ho po\u013eovn\u00edckeho zv\u00e4zu na zasadnut\u00ed d\u0148a 26.11.2021 schv\u00e1lilo na z\u00e1klade n\u00e1vrhu Pl\u00e9na Kynologickej rady SPZ zo d\u0148a 24.7.2021 \u00fapravu [&hellip;]<\/p>\n","protected":false},"author":4,"featured_media":0,"parent":1034,"menu_order":0,"comment_status":"closed","ping_status":"closed","template":"","meta":{"ngg_post_thumbnail":0,"ocean_post_layout":"","ocean_both_sidebars_style":"","ocean_both_sidebars_content_width":0,"ocean_both_sidebars_sidebars_width":0,"ocean_sidebar":"0","ocean_second_sidebar":"0","ocean_disable_margins":"enable","ocean_add_body_class":"","ocean_shortcode_before_top_bar":"","ocean_shortcode_after_top_bar":"","ocean_shortcode_before_header":"","ocean_shortcode_after_header":"","ocean_has_shortcode":"","ocean_shortcode_after_title":"","ocean_shortcode_before_footer_widgets":"","ocean_shortcode_after_footer_widgets":"","ocean_shortcode_before_footer_bottom":"","ocean_shortcode_after_footer_bottom":"","ocean_display_top_bar":"default","ocean_display_header":"default","ocean_header_style":"","ocean_center_header_left_menu":"0","ocean_custom_header_template":"0","ocean_custom_logo":0,"ocean_custom_retina_logo":0,"ocean_custom_logo_max_width":0,"ocean_custom_logo_tablet_max_width":0,"ocean_custom_logo_mobile_max_width":0,"ocean_custom_logo_max_height":0,"ocean_custom_logo_tablet_max_height":0,"ocean_custom_logo_mobile_max_height":0,"ocean_header_custom_menu":"0","ocean_menu_typo_font_family":"0","ocean_menu_typo_font_subset":"","ocean_menu_typo_font_size":0,"ocean_menu_typo_font_size_tablet":0,"ocean_menu_typo_font_size_mobile":0,"ocean_menu_typo_font_size_unit":"px","ocean_menu_typo_font_weight":"","ocean_menu_typo_font_weight_tablet":"","ocean_menu_typo_font_weight_mobile":"","ocean_menu_typo_transform":"","ocean_menu_typo_transform_tablet":"","ocean_menu_typo_transform_mobile":"","ocean_menu_typo_line_height":0,"ocean_menu_typo_line_height_tablet":0,"ocean_menu_typo_line_height_mobile":0,"ocean_menu_typo_line_height_unit":"","ocean_menu_typo_spacing":0,"ocean_menu_typo_spacing_tablet":0,"ocean_menu_typo_spacing_mobile":0,"ocean_menu_typo_spacing_unit":"","ocean_menu_link_color":"","ocean_menu_link_color_hover":"","ocean_menu_link_color_active":"","ocean_menu_link_background":"","ocean_menu_link_hover_background":"","ocean_menu_link_active_background":"","ocean_menu_social_links_bg":"","ocean_menu_social_hover_links_bg":"","ocean_menu_social_links_color":"","ocean_menu_social_hover_links_color":"","ocean_disable_title":"default","ocean_disable_heading":"default","ocean_post_title":"","ocean_post_subheading":"","ocean_post_title_style":"background-image","ocean_post_title_background_color":"","ocean_post_title_background":0,"ocean_post_title_bg_image_position":"","ocean_post_title_bg_image_attachment":"","ocean_post_title_bg_image_repeat":"","ocean_post_title_bg_image_size":"","ocean_post_title_height":0,"ocean_post_title_bg_overlay":0.5,"ocean_post_title_bg_overlay_color":"","ocean_disable_breadcrumbs":"default","ocean_breadcrumbs_color":"","ocean_breadcrumbs_separator_color":"","ocean_breadcrumbs_links_color":"","ocean_breadcrumbs_links_hover_color":"","ocean_display_footer_widgets":"default","ocean_display_footer_bottom":"default","ocean_custom_footer_template":"0","footnotes":""},"class_list":["post-1455","page","type-page","status-publish","hentry","entry"],"_links":{"self":[{"href":"https:\/\/terriers.sk\/index.php?rest_route=\/wp\/v2\/pages\/1455","targetHints":{"allow":["GET"]}}],"collection":[{"href":"https:\/\/terriers.sk\/index.php?rest_route=\/wp\/v2\/pages"}],"about":[{"href":"https:\/\/terriers.sk\/index.php?rest_route=\/wp\/v2\/types\/page"}],"author":[{"embeddable":true,"href":"https:\/\/terriers.sk\/index.php?rest_route=\/wp\/v2\/users\/4"}],"replies":[{"embeddable":true,"href":"https:\/\/terriers.sk\/index.php?rest_route=%2Fwp%2Fv2%2Fcomments&post=1455"}],"version-history":[{"count":2,"href":"https:\/\/terriers.sk\/index.php?rest_route=\/wp\/v2\/pages\/1455\/revisions"}],"predecessor-version":[{"id":1457,"href":"https:\/\/terriers.sk\/index.php?rest_route=\/wp\/v2\/pages\/1455\/revisions\/1457"}],"up":[{"embeddable":true,"href":"https:\/\/terriers.sk\/index.php?rest_route=\/wp\/v2\/pages\/1034"}],"wp:attachment":[{"href":"https:\/\/terriers.sk\/index.php?rest_route=%2Fwp%2Fv2%2Fmedia&parent=1455"}],"curies":[{"name":"wp","href":"https:\/\/api.w.org\/{rel}","templated":true}]}}